4.
3
Suppose -4*t = -2*t - 4. What is the remainder when 44 - (-1 + -3 + t) is divided by 16?
14
Calculate the remainder when 137 is divided by -5*(-11 - (-4 + (0 - 0))).
32
Suppose 2*o = 3*l - 148, 2*o - 112 = -3*l + 28. What is the remainder when l is divided by 14?
6
Let x(l) = -4*l + 49. Calculate the remainder when 181 is divided by x(-3).
59
Let w(q) = q**2 + 8*q + 14. Suppose -d + 8 = -b - 8, -2*d - 2*b = -20. What is the remainder when w(-9) is divided by d?
10
Let a(y) = 2*y**2 + 4*y. Suppose -5*u + 115 + 40 = 0. Calculate the remainder when u is divided by a(-4).
15
Suppose 4*d + 2 = 42. Suppose 97 = 4*b - 3*z, -3*b + 2*b = -5*z - 3. What is the remainder when b is divided by d?
8
Let q = -8 - -27. Suppose -5*r = -11 - q. Calculate the remainder when 21 is divided by r.
3
Let j = -13 + 21. Let z(a) = 5*a**3 - a**2 + a - 1. Let k be z(1). Let h = k - -10. What is the remainder when h is divided by j?
6
Let u(x) = x**3 + 6*x**2 + 4*x - 4. Let a(g) = g**3 - g**2 - g. Let v(l) = -2*a(l) + u(l). Calculate the remainder when v(6) is divided by 35.
34
What is the remainder when 1/((24/4 - 4)/118) is divided by 16?
11
Let y(n) = -n**3 + 8*n**2 - 7*n + 10. Let o(b) = b**2 - 6*b + 7. Let j be o(6). Let u(k) = 10*k - 2. Calculate the remainder when u(2) is divided by y(j).
8
Suppose -65 = -9*d + 88. What is the remainder when d is divided by 7?
3
Suppose 0 = h + n + 1 + 2, 15 = 5*h - n. What is the remainder when 4 is divided by h?
0
Suppose -14*x - 114 = -20*x. Calculate the remainder when 189 is divided by x.
18
Let t = 83 - 44. Calculate the remainder when t is divided by 21.
18
Let t be -1*(-2)/(-1) + -78. Let l = t - -118. Calculate the remainder when l is divided by 10.
8
Suppose -2*n = -7*n + 100. Let z be ((-4)/(-4) - 1)*1. Suppose b + 5 - n = z. What is the remainder when 28 is divided by b?
13
Suppose 0 = -h + 3 + 7. Suppose 2*z - 71 + 22 = -5*o, -5*o = -4*z + 113. Calculate the remainder when z is divided by h.
7
Calculate the remainder when 50/(-2)*2*-2 is divided by 17.
15
Let q(a) be the third derivative of a**4/6 - 2*a**3/3 - 5*a**2. What is the remainder when 7 is divided by q(2)?
3
Let a(t) = -3 + 2*t**2 + 1 + 9*t - 8*t. Calculate the remainder when 13 is divided by a(2).
5
Let c be (7 - 8)/(2/18). Let x(o) = -11 - 2*o - o - 2. What is the remainder when 26 is divided by x(c)?
12
Suppose 0*d = 3*d - 6. Suppose d*a - 6 = -2, -8 = -k - 4*a. Calculate the remainder when 30 is divided by k + -1 + 4 + 13.
14
Suppose 47 = 9*x - 169. Calculate the remainder when x is divided by 14.
10
Suppose 2*i + 2*h = 22, h + 3 + 2 = 0. Let d = 20 - 35. Let b = 62 + d. Calculate the remainder when b is divided by i.
15
Suppose g - 21 = 4*g. Let z be 1*2*14/g. Calculate the remainder when 130/35 + z/(-14) is divided by 3.
1
Let d(u) = -u**3 + 10*u**2 - 9*u + 12. Let g be d(9). Suppose z = -3*z + g. What is the remainder when ((-2)/(-6))/((-1)/(-15)) is divided by z?
2
Let w(l) = 2*l**2 + 12*l + 10. Calculate the remainder when w(-7) is divided by 13.
11
Suppose 3*c - 6*c + 15 = 0, 2*m + 4*c = 14. Let t = -2 - m. Suppose -1 = 3*w + z, -z = w - 2*w + 5. What is the remainder when w is divided by t?
0
Suppose -5*m + 15 + 6 = -2*x, -2*m + 4*x = -18. Suppose 0 = 3*u - 5*u + 2*g + 70, 0 = -4*u - m*g + 154. What is the remainder when u is divided by 13?
11
Let r be 9/(-4)*(-160)/6. Suppose -140 = -4*h + 2*k, 3*h - 3*k - 45 - r = 0. Suppose -8*t = -32 - 112. What is the remainder when h is divided by t?
17
Let r = -29 + 40. Suppose 3*m = -2*m + 205. What is the remainder when m is divided by r?
8
Suppose -1 + 125 = 2*t - 5*d, 0 = 3*t + 2*d - 167. Calculate the remainder when t is divided by 16 - (1 + 0 - 0).
12
Let z(r) be the third derivative of -r**6/120 + r**5/10 + r**4/12 - 7*r**3/6 - 3*r**2. Let f be z(6). What is the remainder when 33 is divided by 87/f - 12/30?
16
Suppose -24 = -5*c + 36. Suppose -p + v = -c, -2*p + 20 = -v + 1. Suppose -2*x = -x - p. What is the remainder when 19 is divided by x?
5
Let g(s) = -7*s - 15. What is the remainder when 79 is divided by g(-5)?
19
Suppose 3*k - 66 = 3*z, -2*k = -4*z - 48 - 40. Calculate the remainder when 56 is divided by 1/((-1)/3) - z.
18
Let t = -2 - 2. What is the remainder when 30/1 + 4 + t is divided by (2*-1)/((-1)/8)?
14
Let f(y) = 4*y + 2. Let o be f(4). What is the remainder when 21 is divided by (18/8)/(o/96)?
9
Suppose 2*d + 0*d = 16. Let t = 6 + -2. Calculate the remainder when d is divided by t/2 + 0 - -3.
3
Suppose 20 - 64 = -4*l. Calculate the remainder when 28 is divided by l.
6
Suppose r - y - 5 = y, -11 = -3*r + 5*y. Let s = r - -12. Calculate the remainder when 17 is divided by s.
8
Suppose -2*r + 3 = 5*u - 6, -u = 2*r - 21. What is the remainder when r is divided by ((-3 - -3) + 2)*10/4?
2
Suppose 5*q - n = 5 - 18, 5*q - 5*n + 5 = 0. Let b be ((-6)/1)/q + 4. Calculate the remainder when 35 is divided by (-1)/3 + 74/b.
11
Suppose -3 = -5*c + 5*x + 7, -4*x = 0. Suppose 0 = c*k - 3*k + 4. Suppose k*g + 31 = 75. Calculate the remainder when 42 is divided by g.
9
Let h = -8 - -13. Suppose -h*g + 24 = 2*y, 8*g - 3*y = 3*g + 14. What is the remainder when 6 is divided by g?
2
Let h = -3 + 1. Let c = -4 + h. Calculate the remainder when (3/c + 1)*74 is divided by 13.
11
Let q(w) be the second derivative of w**5/20 + 2*w**4/3 - w**3/2 - 9*w**2/2 - 4*w. What is the remainder when q(-6) is divided by 28?
25
Let y(q) = q**3 - 4*q**2 + 6*q - 6. What is the remainder when 53 is divided by y(4)?
17
Let c = -2 - 0. Let l = c + 5. Suppose 2*s - l*q + 21 = 5*s, 2 = 2*q. Calculate the remainder when 10 is divided by s.
4
Let o be (0/1)/2 + 9. Suppose -4*p + 5*n = -1, 1 = 3*p + 5*n + o. Calculate the remainder when 1 is divided by p*(-3)/(0 - -3).
0
Suppose -2*d - 2 = -0*d. Let z(i) = 6*i**2 - 1. Let h be z(d). Suppose 0 = -3*j - h*v + 26 + 47, 4*j - 4*v = 44. What is the remainder when j is divided by 9?
7
Let w(g) = g + 2. Let d be w(2). Calculate the remainder when 19 is divided by 7/((d - 1) + -2).
5
Let b be (-12)/(-6) - 28/(-2). Let x = 35 - b. Calculate the remainder when 37 is divided by x.
18
Suppose -5*s + 444 = -2*z, -2*s - 3*s = -3*z - 446. Suppose -6*y + 4*y + s = 0. What is the remainder when y is divided by 23?
21
Suppose -5*c = -4*c - 6. Calculate the remainder when c is divided by 4.
2
Suppose -4 = 4*d - 0*d. Let h = 10 - d. Calculate the remainder when h is divided by 3.
2
Suppose k - 26 = -2*g, 2*g + 2*k + 36 = 6*g. Suppose g = 3*z + 2. What is the remainder when z is divided by 2?
1
Suppose -n + 7 = h, h - 13 = -2*n - 0*h. Let u = 9 + -4. Suppose 1 = 2*c + u, 2*c - 14 = -2*x. Calculate the remainder when x is divided by n.
3
Suppose -3*m - s = -0*m - 63, 85 = 5*m - 5*s. Calculate the remainder when (-2 - (-3)/2)*-118 is divided by m.
19
Let q(s) = 1 - 9*s + 16*s + 20*s. Calculate the remainder when q(2) is divided by 19.
17
Suppose l - 4 + 2 = 0, 2*s - 10 = -2*l. Let c be (-16)/3 - s/(-9). Let y(a) = -a**3 - 5*a**2 - 2*a - 5. What is the remainder when 9 is divided by y(c)?
4
What is the remainder when ((-21)/(-4))/(-2 + 114/48) is divided by 3?
2
Let d = 121 - 28. What is the remainder when d is divided by 12?
9
Let h(m) = -m**3 + m**2 - m + 16. Suppose -5*v + 45 = -3*t, -28 = -3*v - 0*t + 2*t. Calculate the remainder when h(0) is divided by v.
4
Suppose 3*q - 2*f - 116 = 0, 2*f = -q + 4 + 40. Calculate the remainder when q is divided by 14.
12
Let j(u) = 4*u**2 - u**2 - 1 - u**2. Let c(n) = 5*n + 2. Let l be c(-1). What is the remainder when j(l) is divided by 9?
8
Let k = 199 + -116. Calculate the remainder when k is divided by 29.
25
Suppose -2*z + 0*z + 50 = 0. Let i be (-3)/9 + 101/(-3). Calculate the remainder when z is divided by (-2)/(-4) + i/(-4).
7
Suppose 578 = -h - 2*h - 5*o, h + 5*o = -186. Let b be 2/3 - h/3. Suppose -5*j + b = q - 30, -2*j + 32 = 2*q. What is the remainder when j is divided by 7?
6
Suppose -3*g + 59 = -8*a + 4*a, -3*a = -2*g + 43. Let w = 15 + a. Let r(b) = -b**2 + 5*b + 2. Calculate the remainder when r(4) is divided by w.
2
Let t = 21 - 13. Calculate the remainder when t is divided by 3.
2
Let y be (-593)/(-4) + 3/(-12). Suppose 7*p - 3*p = y. Calculate the remainder when p is divided by 13.
11
Let r = -28 + 75. Calculate the remainder when r is d